463573?
3, 1821191
List the prime factors of 236323.
236323
List the prime factors of 735479.
735479
What are the prime factors of 2767334?
2, 1383667
What are the prime factors of 345922?
2, 257, 673
List the prime factors of 11316009.
3, 43, 87721
List the prime factors of 1403120.
2, 5, 17539
List the prime factors of 36009388.
2, 9002347
List the prime factors of 1380622.
2, 83, 8317
List the prime factors of 15420795.
3, 5, 13, 31, 2551
What are the prime factors of 631969?
13, 173, 281
List the prime factors of 4713025.
5, 53, 3557
What are the prime factors of 349299?
3, 17, 761
List the prime factors of 9248265.
3, 5, 13, 15809
List the prime factors of 7720418.
2, 3860209
List the prime factors of 8567225.
5, 263, 1303
What are the prime factors of 2293646?
2, 1146823
What are the prime factors of 807725?
5, 32309
List the prime factors of 6370965.
3, 5, 31, 4567
List the prime factors of 29283158.
2, 31, 472309
List the prime factors of 2862352.
2, 178897
What are the prime factors of 38443?
37, 1039
What are the prime factors of 83391?
3, 7, 11, 19
List the prime factors of 5956981.
1433, 4157
List the prime factors of 518531.
13, 39887
What are the prime factors of 19525376?
2, 13, 5867
What are the prime factors of 4267988?
2, 29, 36793
What are the prime factors of 3540347?
53, 67, 997
List the prime factors of 834927.
3, 211, 1319
What are the prime factors of 22214?
2, 29, 383
What are the prime factors of 7493209?
17, 379, 1163
What are the prime factors of 13493915?
5, 179, 15077
List the prime factors of 11298812.
2, 7, 17, 3391
What are the prime factors of 131757?
3, 37, 1187
What are the prime factors of 1401197?
7, 200171
What are the prime factors of 747423?
3, 83047
What are the prime factors of 1449466?
2, 724733
What are the prime factors of 4743758?
2, 2371879
What are the prime factors of 6986409?
3, 47, 49549
List the prime factors of 10757064.
2, 3, 523, 857
What are the prime factors of 726101?
726101
What are the prime factors of 2468732?
2, 7, 88169
What are the prime factors of 277396?
2, 7, 9907
What are the prime factors of 1253095?
5, 250619
What are the prime factors of 523011?
3, 174337
What are the prime factors of 494122?
2, 17, 14533
List the prime factors of 12117853.
11, 29, 37987
What are the prime factors of 254935?
5, 67, 761
What are the prime factors of 322077?
3, 7, 313
List the prime factors of 816251.
816251
What are the prime factors of 9326576?
2, 7, 83273
List the prime factors of 1046802.
2, 3, 174467
What are the prime factors of 1930430?
2, 5, 193043
List the prime factors of 3654.
2, 3, 7, 29
List the prime factors of 4059693.
3, 11, 13669
What are the prime factors of 1209878?
2, 604939
What are the prime factors of 374122?
2, 7, 26723
What are the prime factors of 194961?
3, 13, 4999
What are the prime factors of 4854151?
4854151
What are the prime factors of 305658?
2, 3, 16981
What are the prime factors of 9690099?
3, 857, 3769
What are the prime factors of 535288?
2, 13, 5147
What are the prime factors of 124270?
2, 5, 17, 43
List the prime factors of 3228015.
3, 5, 7, 71, 433
List the prime factors of 8347392.
2, 3, 3623
What are the prime factors of 5382651?
3, 1794217
List the prime factors of 155450.
2, 5, 3109
List the prime factors of 1501909.
1501909
What are the prime factors of 751060?
2, 5, 17, 47
What are the prime factors of 12474396?
2, 3, 11, 17, 109
What are the prime factors of 251944?
2, 7, 11, 409
List the prime factors of 1252736.
2, 9787
What are the prime factors of 9454710?
2, 3, 5, 113, 2789
List the prime factors of 105416.
2, 13177
List the prime factors of 195721.
17, 29, 397
List the prime factors of 17448357.
3, 1103, 5273
List the prime factors of 134762.
2, 43, 1567
What are the prime factors of 1001687?
1001687
What are the prime factors of 171962?
2, 7, 71, 173
What are the prime factors of 937335?
3, 5, 7, 79, 113
What are the prime factors of 12466520?
2, 5, 11, 29, 977
List the prime factors of 92220.
2, 3, 5, 29, 53
List the prime factors of 1178596.
2, 294649
List the prime factors of 65880.
2, 3, 5, 61
List the prime factors of 93703.
93703
List the prime factors of 6329559.
3, 17, 79, 1571
What are the prime factors of 7014449?
13, 539573
List the prime factors of 3584661.
3, 29, 41203
List the prime factors of 176812.
2, 44203
What are the prime factors of 1016239?
7, 145177
List the prime factors of 97645.
5, 59, 331
List the prime factors of 3640197.
3, 11, 47, 2347
List the prime factors of 9255534.
2, 3, 1542589
What are the prime factors of 855755?
5, 31, 5521
List the prime factors of 890790.
2, 3, 5, 23, 1291
List the prime factors of 653070.
2, 3, 5, 11, 1979
What are the prime factors of 1063055?
5, 7, 4339
What are the prime factors of 49860?
2, 3, 5, 277
List the prime factors of 8414507.
17, 373, 1327
List the prime factors of 232716.
2, 3, 11, 41, 43
List the prime factors of 278757.
3, 47, 659
What are the prime factors of 19139124?
2, 3, 1594927
List the prime factors of 1813622.
2, 709, 1279
What are the prime factors of 30552?
2, 3, 19, 67
List the prime factors of 657839.
7, 13, 7229
List the prime factors of 72691.
157, 463
List the prime factors of 825192.
2, 3, 73, 157
What are the prime factors of 159604?
2, 39901
What are the prime factors of 565784?
2, 197, 359
What are the prime factors of 15449561?
15449561
List the prime factors of 35661.
3, 11887
List the prime factors of 300350.
2, 5, 6007
List the prime factors of 12557394.
2, 3, 293, 2381
What are the prime factors of 9988595?
5, 1997719
What are the prime factors of 3713901?
3, 1237967
What are the prime factors of 3225599?
13, 281, 883
List the prime factors of 19147565.
5, 47, 59, 1381
What are the prime factors of 6236364?
2, 3, 709, 733
What are the prime factors of 280895?
5, 56179
What are the prime factors of 3888173?
23, 71, 2381
List the prime factors of 476788.
2, 13, 53, 173
List the prime factors of 17276577.
3, 421, 13679
List the prime factors of 5813099.
17, 341947
List the prime factors of 1126315.
5, 225263
List the prime factors of 162846.
2, 3, 83, 109
What are the prime factors of 39151?
7, 17, 47
What are the prime factors of 23743299?
3, 149, 53117
List the prime factors of 250264.
2, 7, 41, 109
List the prime factors of 195269.
31, 6299
List the prime factors of 28514861.
28514861
List the prime factors of 85624.
2, 7, 11, 139
List the prime factors of 734633.
53, 83, 167
What are the prime factors of 35139?
3, 13, 17, 53
What are the prime factors of 630635?
5, 126127
List the prime factors of 5390534.
2, 2695267
What are the prime factors of 774176?
2, 13, 1861
List the prime factors of 540874.
2, 270437
What are the prime factors of 90533?
90533
What are the prime factors of 1101769?
23, 47903
What are the prime factors of 538343?
13, 41411
List the prime factors of 3090237.
3, 607, 1697
What are the prime factors of 977125?
5, 7817
What are the prime factors of 6234769?
1619, 3851
What are the prime factors of 1589517?
3, 17, 3463
What are the prime factors of 10868662?
2, 7, 31, 79, 317
List the prime factors of 543418.
2, 167, 1627
List the prime factors of 294639.
3, 98213
List the prime factors of 199894.
2, 89, 1123
List the prime factors of 3240527.
3240527
List the prime factors of 142989.
3, 7, 11, 619
What are the prime factors of 3220990?
2, 5, 17, 18947
What are the prime factors of 297130?
2, 5, 43, 691
List the prime factors of 245961.
3, 27329
List the prime factors of 22608260.
2, 5, 1130413
What are the prime factors of 16992217?
11, 71, 21757
List the prime factors of 102606.
2, 3, 7, 349
What are the prime factors of 1796311?
11, 73, 2237
What are the prime factors of 21639953?
31, 53, 13171
List the prime factors of 601655.
5, 120331
What are the prime factors of 1453259?
313, 4643
List the prime factors of 1922948.
2, 480737
What are the prime factors of 278119?
278119
What are the prime factors of 15113094?
2, 3, 19, 37, 3583
List the prime factors of 493230.
2, 3, 5, 41, 401
List the prime factors of 1691516.
2, 422879
List the prime factors of 5456552.
2, 682069
List the prime factors of 876525.
3, 5, 13, 29, 31
What are the prime factors of 11436052?
2, 113, 25301
What are the prime factors of 371732?
2,